. What are the prime factors of w?
3, 5
What are the prime factors of ((-932)/16)/(((-4)/16)/1)?
233
Let f = 17 + 27. Suppose 0 = -2*w + 4*n + f, -w - 3*n + 46 = 19. Suppose 0 = -l + 5*l - w. List the prime factors of l.
2, 3
Suppose -6*x + 32 = -2*x. Let w = -5 + x. List the prime factors of (-1)/w + 124/12.
2, 5
Let c be ((-2)/(-4))/((-1)/(-4)). Suppose -5*k + 5 = 0, 4*a - 2*k = -6*k + 16. Suppose a*b = c*b + 20. List the prime factors of b.
2, 5
Suppose 3*x - 5*x = 0. Suppose -2*v + 2*q + 28 = x, 5*v + 3*q - 16 = 14. What are the prime factors of (18/(-15))/(v/(-30))?
2
Let g = 25 - 19. What are the prime factors of g?
2, 3
List the prime factors of ((-81)/(-6))/9*24.
2, 3
Suppose 32 = 5*l + 7. Suppose -v = -0*v - l. What are the prime factors of v?
5
Let m be (-8)/(-28) - 18/14. Let f be ((-4)/(-3))/(6/(-45)). Let h = m - f. What are the prime factors of h?
3
Let v(d) = -39*d + 3. Let l be v(-2). Suppose -3*s = -6*s + l. List the prime factors of s.
3
Let c be (12/8)/((-2)/8). Let g(i) = -i**2 - 8*i - 8. Let b be g(c). Suppose -y - 27 = -b*y. List the prime factors of y.
3
Suppose -2*z + j = -4, 2 + 0 = z - 5*j. List the prime factors of z.
2
What are the prime factors of ((-4280)/(-15))/(6/9)?
2, 107
Let b = 42 - 5. Let w = 70 - b. Suppose -5*u = -2*u - w. List the prime factors of u.
11
Let d(u) = -2*u - 7. Let z be (15/12)/((-1)/4). What are the prime factors of d(z)?
3
Let j(w) = w**2 - w + 2. Let v be j(3). Let z be ((-2)/4)/(v/(-48)). Suppose z*u - 56 = 4*l, u - 2 = -5*l + 4. List the prime factors of u.
2
Let u(n) be the third derivative of n**5/60 - n**4/12 - n**3/3 + n**2. List the prime factors of u(4).
2, 3
Let g = 61 + -46. What are the prime factors of g?
3, 5
Let v = -2 - -58. List the prime factors of v.
2, 7
Suppose 0 = f - 6*f + 585. Let r = 218 - f. List the prime factors of (-1)/(-6) - r/(-6).
17
Let q = -14 + 19. Suppose -q*d = 2*s - 22 - 29, -2*d + 3*s = -9. List the prime factors of d.
3
Let v be -2*(-5 - -2) - 1. What are the prime factors of (13 - v)/((-1)/(-4))?
2
Let h = 6 + -4. Let m(l) = -1 + 0 + 13*l**h + l - 2*l**2 + 2. What are the prime factors of m(-1)?
11
Suppose 0 = -0*p + 3*p. List the prime factors of p + 1 + 10/1.
11
Let z(o) = -o**2 + 1. Let y(q) = 4*q**2 - 9*q + 6. Let f(r) = -y(r) - 3*z(r). Let i be (-2)/7 + (-88)/(-14). List the prime factors of f(i).
3
Let n be (80/48)/((-1)/(-342)). List the prime factors of 3/7 + n/42.
2, 7
Suppose -14*q = -22*q + 2232. List the prime factors of q.
3, 31
Let f(v) = v**2 + 8*v - 6. What are the prime factors of f(-10)?
2, 7
Let s(f) = f**2 - 6*f + 5. List the prime factors of s(-5).
2, 3, 5
Suppose 0 = 4*l + 3*f - 606, -2*l + 5*l + 5*f - 449 = 0. List the prime factors of l.
3, 17
Suppose -h - r = -51, -154 = -3*h + 2*r - 1. Suppose -3*p - 2*p = 2*n - h, 60 = 3*n + 2*p. What are the prime factors of n?
2, 3
List the prime factors of 1 + (-453)/(-27) + 6/27.
2, 3
Suppose 3*x - 5 = -17. Let t(v) = -v**3 - 3*v**2 + 2*v - 5. What are the prime factors of t(x)?
3
Let l = 695 - 383. List the prime factors of l.
2, 3, 13
Let s be 6/(2/(-2 + 0)). Let g be -6*(-2)/s*-1. Let b = g - -1. List the prime factors of b.
3
Suppose 0*s - 57 = -3*s. List the prime factors of s.
19
What are the prime factors of (-3 + 5)/((-1)/(-12))?
2, 3
Let p be ((-4)/1)/(4/(-18)). Let z = -6 + p. List the prime factors of z.
2, 3
Let k = -18 - -32. Let m(i) = i**3 - 15*i**2 + 17*i - 17. What are the prime factors of m(k)?
5
Let h = -4 - -8. Suppose 60 = 5*v - h*t, -4*v + 75 = v - t. List the prime factors of v.
2
List the prime factors of (-1372)/(-8) - (-15)/10.
173
Let b(l) = 37*l**3 - 2*l**2 + 2*l - 1. List the prime factors of b(1).
2, 3
Let h be 3/(-1) - 7*-1. Let b be (-1 - 4)*(-32)/10. Suppose -5*k + b = -h*k. What are the prime factors of k?
2
Let s(j) = -4*j - 2. Let t be (-1)/(3 + (-16)/6). What are the prime factors of s(t)?
2, 5
What are the prime factors of ((-1)/(-4)*-3)/((-3)/120)?
2, 3, 5
Let r(f) = 3*f**3 - f**2 - 4*f + 4. List the prime factors of r(3).
2
Let l(r) = -r**3 + 7*r**2 - 2*r + 7. Let f = 6 + 0. Let q be l(f). Suppose 2*t = j + q, -2*j = 2*t - j - 41. List the prime factors of t.
2, 3
Suppose 0 = -5*q + 5*m + 40, 0 = -q - q - 4*m + 4. What are the prime factors of 62/6 - (-4)/q?
11
List the prime factors of ((-1 - -3 - 3) + -10)*-21.
3, 7, 11
Suppose 0*x - 4*x = -16. Suppose 0 = -p + x + 13. List the prime factors of p.
17
Let w be (1 - -1)*52/8. What are the prime factors of 2 + -4 - (0 - w)?
11
Suppose 0 = 5*m - 64 - 91. What are the prime factors of m?
31
Let c = 15 - 0. Let k(b) = b**3 + 6*b**2 - 8*b - 7. Let m be k(-7). Suppose -2*x - 5 + c = m. What are the prime factors of x?
5
Let v(l) be the third derivative of -l**5/60 + 3*l**4/8 - l**3/3 - 2*l**2. Let t be v(8). Let m = t + 1. What are the prime factors of m?
7
Let a = -42 - -60. Let m = a + -6. What are the prime factors of m/10*(-1 - -6)?
2, 3
Let c(l) be the third derivative of l**5/60 + l**4/8 - 7*l**3/6 + 5*l**2. What are the prime factors of c(-5)?
3
Suppose 3*u - 31 = 2*u. Suppose -i - 2*d + u - 7 = 0, 5*i - 106 = -3*d. What are the prime factors of i?
2, 5
Let m(y) = -6*y**2 + 3*y + 4. Let d(g) = -7*g**2 + 4*g + 5. Let c(a) = 5*d(a) - 6*m(a). What are the prime factors of c(2)?
3
Let p = 5 - 1. Let x be (-1)/p - (-18)/8. Suppose 0*y + 10 = x*y. What are the prime factors of y?
5
Suppose 4*s - 425 = 1103. What are the prime factors of s?
2, 191
Let d be 2/(2 - 0)*2. Suppose 3*j = -2*i + j + 8, 0 = -5*i + d*j + 27. What are the prime factors of i?
5
Let s(t) = t - 3. Let w be s(5). Let q be (-2)/(-12)*w*0. Let y = 12 - q. What are the prime factors of y?
2, 3
Let f(d) = 18*d**2 + 1. Let l be 2/(-6)*(-30)/10. What are the prime factors of f(l)?
19
Let r = 14 - 8. Let d = 1 + r. What are the prime factors of d?
7
Let q(j) = 2*j**2 + 26*j - 26. Let o be q(-14). Suppose u + 3*u = 48. Suppose -o*d = d - u. What are the prime factors of d?
2
List the prime factors of (-128)/(5/(-3 - 2)).
2
Suppose -4*o + 2*o + 22 = 0. Suppose -h = 2*p + 2 - 6, 5*p + 2*h - o = 0. Suppose 12 = u - p. What are the prime factors of u?
3, 5
Suppose -2*y + 47 = -117. List the prime factors of y.
2, 41
Let t(d) = 3*d**2 + 2*d + 1. Let k be 0 - (-2 + 1 + 3). What are the prime factors of t(k)?
3
Let o = 14 + -12. What are the prime factors of o?
2
Let w be 1 + -1 + 6 + 78. Suppose -y - w = -5*y. List the prime factors of y.
3, 7
Let k be 1/(-4) - (-13)/4. Suppose -3*v + 4 = -q - 4, -k*q - 2 = 2*v. What are the prime factors of v?
2
Let i = 3 + -1. Suppose -2*q + q + 41 = 0. Suppose -4*o + o - f = -q, 5*o - 70 = -i*f. List the prime factors of o.
2, 3
Let u = 10 - 6. Suppose 5*j + u*y - 59 = 0, 5*y - 35 = -4*j + 14. List the prime factors of j.
11
List the prime factors of (-3)/((-12)/(-10))*-12.
2, 3, 5
Let x = 82 + -50. Suppose s - 5*s = -x. List the prime factors of s.
2
Let n(t) be the third derivative of -t**4/12 - 5*t**3/6 - t**2. Suppose -5*r - 50 = -2*f, 29 = -2*r + 5*f - 12. What are the prime factors of n(r)?
11
Let p be 6*-1*1/(-3). Suppose -p*l = -4*z - 86, -4*l + 199 = l - 2*z. Suppose -4*b + t = -l - 10, -b + 26 = -3*t. What are the prime factors of b?
11
What are the prime factors of -99*(-2 + 5/3)?
3, 11
Let f = -18 + 26. Suppose -27 = -z + 5*i, 3*i = -4*z + f*z - 23. What are the prime factors of z?
2
Let g(t) = -6*t - 14. What are the prime factors of g(-10)?
2, 23
What are the prime factors of -1*3*(-5)/(-5) - -79?
2, 19
Suppose 5*i - 5 = -4*a + 25, -5*a = -2*i + 12. Suppose 49 = i*b - b + 3*n, -b + 3*n = -17. What are the prime factors of b?
11
Let s(y) = y**2 + y - 16. List the prime factors of s(-10).
2, 37
Let l(y) = y**2 + 64. What are the prime factors of l(-9)?
5, 29
Suppose 4*n - 147 = -11. List the prime factors of n.
2, 17
Suppose 16 - 5 = b. Let y be (3 - 2)/(1/b). List the prime factors of (-3)/(1 - y/8).
2
Suppose 3*y - 5*m = 0, 3*m = 5*m. Suppose -s + 2*s + 5 = y. Let o = s + 8. What are the prime factors of o?
3
Let z(s) = -s - s + 3*s - 4 - 3*s. What are the prime factors of z(-6)?
2
Let a(x) = 41*x**2 - x - 2. List the prime factors of a(-1).
2, 5
Let a(b) = -15*b**3 - b**2 - b + 2. Let d be a(-2). Suppose d = -2*z + 4*z. Suppose -z = -j - 3*j. What are the prime factors of j?
3, 5
Suppose -